 -75. Is q prime?
False
Suppose i + 361 = 2*i. Suppose -5*m + 206 = 2*d - 403, 3*m - i = d. Let g = 260 - m. Is g a composite number?
False
Suppose -h + 35 = 5*a, -2*a = 4*h - 116 - 42. Suppose h*t + 935 = 45*t. Is t prime?
False
Let j(o) = 3*o - 14. Let q be j(5). Is (q*565)/((-7)/(7 - 14)) prime?
False
Suppose -o - 2*c + 33 = 2*o, -2*c + 6 = 0. Suppose o*z = 3*z + 798. Is z a prime number?
False
Is ((-4)/((-24)/2031))/(6/12) prime?
True
Let a = 2114 - 999. Is a a composite number?
True
Suppose 5*u - 8*t + 4*t - 94 = 0, 86 = 5*u + 4*t. Suppose u*f - 3110 = 13*f. Is f a composite number?
True
Suppose 224 = 4*l + p, 2*l + 2*p = l + 56. Suppose 156 = -r + l. Let x = 307 - r. Is x composite?
True
Let l be 4 - (-154)/(-35) - (-3)/(-5). Let x(m) be the third derivative of -117*m**4/4 + m**3/6 - m**2. Is x(l) prime?
False
Suppose -4*k = 20*k - 165912. Is k prime?
False
Suppose 5*h - 430 = -4825. Is -1*4/12*h a prime number?
True
Let r(t) = 571*t**2 - 11*t - 25. Is r(-3) a prime number?
True
Let s(j) = -200*j**3 + 2*j**2 + j + 4. Let a be s(-2). Suppose 0 = -0*v - 2*v + a. Suppose -20*m - v = -25*m. Is m a prime number?
False
Let g(u) = 4*u**2 - u - 1. Let b be g(-1). Is (1*298/b)/((-20)/(-40)) a prime number?
True
Let c = 521 - -323. Is c/6 + (-7)/(-21) prime?
False
Let l(y) = y**2 + 9*y - 41. Let p be ((-12)/7)/((-34)/119). Is l(p) a prime number?
False
Let u(a) = -113*a + 12. Let l be u(-5). Suppose -3*q - 214 + l = 0. Is q prime?
False
Let x(w) = -5 + 72*w + 316*w + 203*w. Is x(2) a composite number?
True
Let o(g) = -g**3 - 13*g**2 - 13*g - 7. Let y be o(-12). Is 50/y*(-82)/(-4) prime?
False
Let g = -7 + 8. Let d be 2 - (3 - (g + 0)). Suppose d*k - k = -113. Is k composite?
False
Let y = -136984 - -217765. Is y a prime number?
False
Suppose 1478 = -5*l + 2*r - 4*r, 5*r + 587 = -2*l. Let p(w) = -637*w. Let d be p(-1). Let m = d + l. Is m a prime number?
False
Let w(h) = 50*h**2 - 2*h + 1. Let l be -2 + 2 + 4 + -3. Let y be (3 + -2)*1*l. Is w(y) a prime number?
False
Let h(y) = 2*y. Let k be h(2). Let v(f) = 84*f + 23. Is v(k) composite?
False
Suppose 3178 = 4*r - 5*s, s + 2198 + 1785 = 5*r. Is r a prime number?
True
Suppose 1 = 5*y - 9. Suppose 0 = 2*h - y - 0. Is ((-2)/h)/((-10)/655) a prime number?
True
Let b(p) = 155*p**2 - 43*p - 7. Is b(-3) composite?
True
Suppose -4 + 0 = 4*j, 2*z + 2*j - 956 = 0. Is z prime?
True
Let t(m) = 2*m**2 - m - 1. Let z be t(2). Suppose s = -z*s + 798. Is s composite?
True
Let v = 12 - 12. Suppose v = -3*t + 8 + 4. Suppose -4*j + 3*z = -152, t*z + 19 - 73 = -2*j. Is j prime?
False
Suppose -71*f + 3133001 = 12*f. Is f composite?
False
Suppose 0*p + 24 = 3*o + 3*p, 5*o - 3*p - 8 = 0. Suppose -5*f - 2*j = -696, -o*j + 692 = 5*f - 0*j. Suppose 18 + f = 2*a. Is a composite?
False
Suppose -4*v - 12 = 0, -4*v = -4*r + 59 + 49. Let o = -8 + r. Is (-12)/o + (-1055)/(-4) prime?
True
Suppose 15*j + 30 = 25*j. Suppose -16299 - 6528 = -j*y. Is y composite?
True
Suppose -4*a - 526 = 522. Let f = 997 - a. Is f a prime number?
True
Let a(u) = 64*u**2 + 23*u - 52*u + 7 + 23*u. Is a(4) a prime number?
False
Suppose 2512200 = -64*m + 61*m. Is (m/(-15))/8 - 2/(-3) prime?
False
Let u = -29264 - -50170. Is u a composite number?
True
Let y be 645/45 + ((-8)/6)/4. Suppose y*k - 8*k = 13686. Is k a composite number?
False
Suppose -4*g = z - 234528, -2*g = -0*z + 5*z - 117282. Is g a composite number?
False
Let n(b) = b**3 + 16*b**2 - 106*b - 27. Let s be n(-21). Let i(w) be the second derivative of -3*w**5/10 - w**3 - 13*w**2/2 + w. Is i(s) prime?
True
Let x be ((-3)/(-2))/((-6)/8). Let r = 5 + x. Suppose -2*v = r*f - 6*v - 266, 290 = 3*f + 2*v. Is f prime?
False
Suppose 2*v + 5*x + 3577 = 44129, v = x + 20283. Is v a composite number?
True
Suppose -93*l = -103*l + 21650. Is l a prime number?
False
Suppose -2*r - 3 + 14 = -t, -4*t = 2*r + 34. Let j = 14 + t. Suppose -j*m + 996 + 259 = 0. Is m a prime number?
True
Let b(c) = -441*c + 97. Is b(-24) prime?
False
Let o(q) = 6*q**3 - 11*q**2 - 2*q + 4. Let n be (-7 + -3 + 7 - -8)/1. Is o(n) a prime number?
False
Suppose -7*v + 99 = 2*v. Suppose -v*l = -1159 - 2592. Is l a composite number?
True
Suppose -5*d - 9 + 27 = n, -5*n - 45 = -2*d. Let p(v) = 50*v**2 + v + 1. Let i be p(n). Suppose -7*c - i = -11*c. Is c prime?
False
Suppose 3*w - 2*w - 5*z = -12, -2*w + 12 = 2*z. Suppose w*c = -c. Suppose c = -0*p + 3*p - 201. Is p a composite number?
False
Let u(q) = q**3 + 11*q**2 + 5*q + 2. Let t = 37 - 19. Suppose -4*h - 10 = t. Is u(h) prime?
True
Let l = 22 + -17. Suppose -l*i + 1080 = 5*q, -3*i - 1040 = -3*q - 2*q. Is q a composite number?
False
Let f = -8586 + 17353. Is f prime?
False
Let w(v) be the first derivative of -3 - 1/4*v**4 - 4*v**3 - 7*v**2 - 11*v. Is w(-11) composite?
True
Let u(p) = 34*p - 11. Let c = 11 + 5. Is u(c) composite?
True
Let g be (-186)/18 - (-1)/3. Let h(o) = -o**2 - 10*o - 2. Let j be h(g). Is ((-68)/(-8))/(j/(-20)) composite?
True
Let d be -2 + 6 - 11780/(-5 - -3). Suppose -4075 - 4520 = -5*f. Suppose -5*x + d = f. Is x prime?
False
Let c = 15729 + 6792. Is c a prime number?
False
Is 178*((-121)/(-2) + 63/21) prime?
False
Is 1 - 3 - -2 - (-38 - 18821) a prime number?
True
Suppose 3*k - 10 - 5 = 0. Suppose -265 = -k*x + 215. Suppose 3*b = -5*q + x + 23, 5*b - q = 161. Is b a prime number?
False
Let d = 70 + -62. Suppose d*z = 20*z - 7368. Is z composite?
True
Suppose 4*w - 5 = -3*h, 2*h = -2*h + w + 32. Let y(x) = -x**3 + 12*x**2 - 5*x - 7. Is y(h) prime?
False
Let z(k) = k + 2. Let h be z(0). Let b be 143/h - (-9)/18. Suppose -w = -2*r - r + b, 3*r - 66 = -w. Is r prime?
True
Let u(w) = w**3 + 6*w**2 + 5*w + 6. Let f be u(-5). Let s be (f/4)/((-1)/2). Is 54 + s/((-1)/(-1)) a prime number?
False
Suppose -3*a + 1275 + 15642 = 0. Is a a composite number?
False
Let t = 4584 - 1663. Is t a prime number?
False
Let m be (-29 + 6/3)*(-4)/6. Is 2 + (-40)/18 + 4738/m a prime number?
True
Let a be (108/30)/(6/(-15)). Let t(r) = -4*r**3 - 9*r**2 - 12*r - 9. Let x be t(a). Is (x/30)/(1/5) prime?
False
Let s(j) = -j**3 - 13*j**2 - 12*j - 4. Let u be s(-12). Is 0 + u + 4 - -341 a prime number?
False
Suppose x - 5 = 5. Suppose 0 = v - 0*v - x. Let m(i) = -i**3 + 10*i**2 + 9*i + 5. Is m(v) a prime number?
False
Suppose 4*r = c + 2, 0 = -0*c - 3*c + 2*r + 4. Is 4/c - -2 - -377 a prime number?
False
Let r(q) = -35*q - 18. Let d(n) = -35*n - 19. Let x(a) = 2*d(a) - 3*r(a). Is x(5) a composite number?
False
Suppose 0 = 5*o - v + 3*v - 41225, 8252 = o - v. Is o a prime number?
False
Suppose 0 = -24*y + 25*y - 185. Let v = y - 6. Is v prime?
True
Suppose -11*n + 297 = -8*n. Suppose -5*p = -8*p + n. Is p composite?
True
Suppose -5*m = -5*y - 555, -3*m = -2*y + 11 - 346. Is m prime?
True
Suppose 589808 = g + 3*g + 3*k, -k + 4 = 0. Is g prime?
True
Let v be ((-30)/9)/((-4)/(4 - -128)). Suppose d + 5*a + 23 = 0, -4*d - 3 = 3*a + 4. Suppose 5*p - v = -k + 4*p, -4*k = -d*p - 458. Is k prime?
True
Let c(p) = -p**3 - 4*p**2 + 7*p + 10. Let f be c(-5). Suppose -5*h - 5 = f, -14 = 4*l - 5*h + 37. Is 24/28*l/(-4) a prime number?
True
Let f(c) = -c + 3. Let k be f(-2). Let x(j) = -j**3 + 8*j**2 - 7*j + 2. Let p be x(k). Suppose -p + 9 = -a. Is a composite?
True
Suppose -6 - 10 = -4*s. Let d = -136 + 350. Is (-1 - -15)*d/s a composite number?
True
Let y(p) = 139*p**3 + 3*p - 1. Let r be 2*4/8*2. Is y(r) a composite number?
False
Let l(k) = -3*k**3 - 7*k**2 - 2. Let h be l(-5). Suppose -h + 722 = 2*y. Is -3 - y*(-1 + 0) prime?
False
Let x(u) = u**3 - 4*u - 8. Suppose 3*v - 4*v + 5*s = -22, -2*v + 8 = 2*s. Is x(v) a prime number?
True
Suppose -2*w - 3160 = -6*w. Is w + (3 - 3) - 3 prime?
True
Let f be 51/6 + 20/(-8). Suppose f*h - 19000 = 8210. Is h a prime number?
False
Suppose -40886 = -w + 5*r, 14*w - 15*w + 40877 = -2*r. Is w a prime number?
False
Suppose 0 = 3*f - 13156 - 17063. Is f prime?
False
Let k(t) = 766*t - 215. Is k(27) composite?
True
Let m(l) = l**2 + l - 1. Let j(b) = 28*b**2 - b - 8. Let c(q) = j(q) + 5*m(q). Is c(-6) a prime number?
True
Let f = 198 - 139. Suppose f*p - 1163 = 58*p. Is p composite?
False
Suppose 0 = f + 4, 2851 = k + 2*f - 4660. Is k prime?
False
Let s be 0 + 3 - (1 - (-3 + 5)). Suppose -u + 3985 = s*u. Is u composite?
False
Let x(c) = c**3 - 4*c**2 + 69*c + 19. Is